436*w - 1691976 = -291*w + 234*w. What is the greatest common factor of 1001 and w?
143
Let j(u) = -u**3 + 16*u**2 + u + 18. Let x be j(16). Suppose -7*d - x + 6 = 0. Let p be (d*4/(-8) - 0) + 20. What is the highest common factor of 11 and p?
11
Let p = -2795 + 4628. What is the greatest common factor of 195 and p?
39
Let g(z) = -23*z - 8*z + 65 - 10*z + 2*z. Let o be g(-26). Calculate the highest common divisor of 83 and o.
83
Suppose 0 = 22*b + 349 - 1163. What is the greatest common divisor of b and 11?
1
Let q be ((-2)/4*(-104)/52)/((-2)/(-494)). Calculate the highest common divisor of 81757 and q.
247
Suppose 0 = -w + 5*v - 132, -3*w - 3*v - 306 = 108. Let n = 76 + w. Let k = n - -75. Calculate the greatest common factor of 14 and k.
14
Suppose 16 = 2*t - t. Suppose 4 = k - 5. Suppose -k*l = -6*l - 192. What is the highest common divisor of l and t?
16
Let b(i) = i**3 - 12*i**2 - 16*i + 8. Let k be b(13). Let a be (5 + -1)*k/(-2). Suppose 6*z = 8*z - a. What is the highest common divisor of 93 and z?
31
Let m = 2466 + -1705. Suppose -1017 = -3*y - 4*n + m, 0 = 4*n + 4. What is the greatest common divisor of y and 108?
54
Let j be 28971/174*(-26)/(-117). Let i = -208 + 452. Let b = 429 - i. Calculate the greatest common factor of j and b.
37
Let p = 4 - 1. Suppose 6*f - p*f = -15, -3*k = 2*f - 290. Let v = 14573 - 14553. Calculate the highest common factor of k and v.
20
Let l(a) = a**3 + 4*a**2 + 4*a + 4. Let z be l(-2). Let q(s) = -2*s + 12 + 3*s - z*s. Let j be q(2). Calculate the greatest common factor of 6 and j.
6
Let k(h) = 343*h**2 - 55*h + 1. Let u be k(4). Calculate the greatest common divisor of 22 and u.
11
Suppose 4*b + 145 = 5*y - 613, -2*b + 468 = 3*y. Let z be 10/25*180/1 - 6. What is the greatest common factor of y and z?
22
Suppose 0 = 3*x - 2*r - 40, -5*r = 3*x - 70 + 2. Let h be 8/x + 333/6. What is the greatest common factor of h and 16?
8
Let j = 288 - 79. Suppose 14*m - 33*m + j = 0. Calculate the highest common divisor of 2 and m.
1
Suppose 112 = 5*v - 4*x, 2*x + 1560 - 1554 = 0. Calculate the highest common factor of v and 41620.
20
Let c = -163 - -166. Suppose -c*r + 74 = 5*b - 91, 3*r - 147 = b. What is the greatest common divisor of r and 450?
50
Suppose 13*a = 5*a + 1872. Suppose -a = -4*b + 6. What is the greatest common divisor of b and 12?
12
Suppose 5305 = 3*c + 4873. Suppose 4*z = 2*i - 0*i + 38, 4*z + 2*i = 34. Calculate the greatest common factor of z and c.
9
Suppose -129*l + 125*l = 2*b - 412, b = 5*l - 501. What is the highest common divisor of l and 5?
1
Suppose s - 679 = -4*x - 629, -4*s + x = -115. What is the highest common factor of s and 690?
30
Suppose 11*r - 4515 = -1215. Suppose 7*h + 8*h = r. Let z be 81/1 - (1 - 0). Calculate the highest common factor of h and z.
20
Let r be (7 + -4 - 20)*-1. Let o = 45 - 43. Suppose r = 3*y + o. Calculate the highest common factor of y and 45.
5
Let h be 7/1*12/42. Suppose -g = a - 12, g - 7 = -5*a + 21. Let d be (h/(g/(-6)))/(30/(-400)). What is the greatest common divisor of d and 140?
20
Let p = -20 - -9. Let u = p + 48. Let k be 7/(((-15)/111)/(-5)). What is the highest common factor of u and k?
37
Let m = 4276 - 4196. What is the greatest common factor of 432 and m?
16
Let o = 173 + 3230. What is the highest common divisor of o and 41?
41
Let g be (4/6 - (-80)/15) + 864/48. Calculate the highest common divisor of 268 and g.
4
Let q be 222/5 + 192/(-80). What is the highest common factor of q and 1008?
42
Suppose -6*x + 960 = -3*x. Suppose 2*p - 64 + 60 = 0. Suppose 7*f - x = p*f. Calculate the greatest common factor of 8 and f.
8
Let f = 22 - 7. Let w be -3*184/36*(-54)/3. Let x = -261 + w. What is the highest common divisor of x and f?
15
Let d = -12865 - -14797. Calculate the greatest common factor of d and 147.
21
Let k be -35 + 7285/141 + 2/(-3). What is the greatest common divisor of 46 and k?
2
Let g(a) = 87*a + 691. Let z be g(-7). Calculate the highest common factor of z and 18.
2
Let w = 226 - -5025. Calculate the greatest common factor of w and 118.
59
Suppose 3617*q - 94592 = 3585*q. Calculate the highest common factor of 12 and q.
4
Let h(a) = -a**3 - 10*a**2 - 13*a - 10. Let w be h(-9). Let t be 0 + -11 + (-79 - -201). Suppose -17*n - w = -t. What is the highest common divisor of n and 40?
5
Let y = 104 + 104. Suppose 7*z - y = 3*z. What is the greatest common factor of z and 117?
13
Let a be ((-70)/(-30))/7 + (-494)/(-3). Let w = -159 + a. Calculate the greatest common factor of w and 16.
2
Suppose -222*d + 65 = 226*d - 443*d. Let l = 166 - -81. Calculate the greatest common factor of l and d.
13
Let a(p) be the second derivative of 5*p**3/3 + 3*p**2/2 + 3*p. Let g be a(1). Let f be (-102)/(-8) - 2/(-8). What is the highest common divisor of f and g?
13
Let i(s) = -117*s + 2665. Let o be i(22). Let q be (3 + -10)*(-72)/7. Let y = o - q. What is the greatest common factor of 57 and y?
19
Suppose -l + 5*h - 32 = 0, -2*h + 57 = -7*l + 4*l. Let k be -1*15*(-3)/((-9)/l). What is the greatest common factor of 34 and k?
17
Let j = 5473 - 5448. What is the greatest common factor of 575 and j?
25
Let o = 8 + 2. Let b be (16/(-40))/((-2)/o). Suppose -m - 4 = -4*a - 2, -b*m + 2*a = -14. What is the highest common divisor of 15 and m?
5
Let h(b) = -128*b + 1310. Let d be h(10). What is the highest common factor of 2025 and d?
15
Let r(u) = -u**3 - 8*u**2 + 20*u - 70. Let j be r(5). Let n = -47 - j. What is the greatest common divisor of 8 and n?
8
Suppose -212*r = -177*r - 77140. Calculate the highest common factor of r and 19.
19
Suppose -3*w - 2*u - 850 = -8*w, -5*w = u - 865. Let m = w - 140. What is the highest common divisor of m and 16?
16
Let g(p) = p**3 - 13*p**2 + 5*p + 9. Let d be g(13). Let s = 112 - d. What is the highest common factor of s and 19?
19
Let h = 294 + -227. Suppose -7*u + h = -283. Calculate the highest common factor of u and 70.
10
Let h(y) = 3*y**3 + 46*y**2 - 168*y + 53. Let t be h(-17). What is the highest common factor of t and 56?
8
Suppose -2*t + 62 = -5*n, -54*n - 4 = -t - 56*n. Calculate the highest common divisor of t and 1448.
8
Let i be 188/46 - 8/92. Let p = 7 + -1. Suppose i*t = p*z - 2*z + 272, 3*t - 2*z - 202 = 0. Calculate the greatest common divisor of t and 165.
33
Let a(d) = -d**3 - 5*d**2 + 8*d - 4. Let m be a(-6). Let r be (m/(-4))/(-4) - 13. Let y = -7 - r. Calculate the greatest common factor of y and 21.
7
Let w(k) = k**2 - 15*k - 10. Let q(c) = c**2 + 12*c + 32. Let l be q(-7). Let i be w(l). What is the highest common divisor of i and 4?
4
Let a(r) = -92*r - 36. Let m be a(-1). What is the greatest common factor of 371 and m?
7
Suppose -100*c + 1206 = w - 96*c, w - 1174 = 4*c. What is the greatest common factor of 255 and w?
85
Let t = 560 + -544. Suppose -6*g + 374 = t*g. Calculate the highest common divisor of g and 153.
17
Let l be (-1)/(-1) - 11/(33/(-72)). Let j = l + -11. Suppose -2*y = -j + 12. What is the greatest common factor of 9 and y?
1
Let t = -11126 + 16094. What is the greatest common factor of 72 and t?
72
Let i = 173 + -171. Suppose 0 = 2*u + 3*f - 125, -i*f = 2*u - 7*u + 303. Calculate the greatest common factor of 427 and u.
61
Let v = 712 - 1015. Let a = v - -309. Calculate the highest common divisor of 18 and a.
6
Let i = 36 + -16. Suppose 30 = 3*q + 5*r - 75, 175 = 5*q + 3*r. Suppose -6*u = k - q, 3*k - 15 = k - u. Calculate the highest common factor of k and i.
5
Let q = -2911 + 3428. What is the greatest common divisor of q and 55?
11
Let d(w) = -2*w + 3. Let f be d(-3). Suppose -4*t + 314 = -2*b, 5*t - b - 247 = 138. Suppose 9*q - 86 = t. What is the greatest common factor of f and q?
9
Suppose -26180 = -38*b - 3662 + 17686. Calculate the greatest common divisor of 184 and b.
46
Let u be (-1)/((26/(-816))/13). Let q = -128 + u. Suppose -2*w = -6*w + 140. Calculate the highest common divisor of w and q.
35
Suppose 3*q = -0*q + 4*m + 1351, -1350 = -3*q + 3*m. Let a = q + -62. Calculate the greatest common factor of a and 9.
9
Let m(d) = -d**3 - d**2 + 2*d + 2. Let y be m(-1). Let n be (y - 12/9)/(8/(-228)). Calculate the greatest common factor of 38 and n.
38
Let x be 55200/540 + (-4)/18. Calculate the greatest common factor of 78 and x.
6
Suppose 58 = 4*s - 58. Suppo